 of s?
0
Suppose a - 39463 = -o, 2*a - 78933 = 16*o - 11*o. What is the ten thousands digit of a?
3
Let r be -466 + (-2 + 1)*-1. Let o be (12/21)/(3/((-63)/6)). What is the units digit of (-4 - r/6) + o/4?
3
Let u be -3372 + 2*2/(-4)*3. What is the units digit of -2*(u - -8)/7?
2
Suppose 5*a + 80 = -13*j + 18*j, -j + 26 = -3*a. Suppose 2*u + 4*y - 4200 = -328, -3*u = -3*y - 5781. Suppose b + u = j*b. What is the tens digit of b?
9
Let z(m) = m**2 - 25*m - 58. Let b be z(27). What is the tens digit of (4 - (-8)/b) + 223?
2
Let l be 4/(-22) + 37899/(-99). Let n = l + 661. What is the units digit of n?
8
Let q(l) = -3*l**2 - 18*l + 13. Let w be q(-7). What is the tens digit of ((-116)/w)/((-9)/(-324))?
2
Let j(h) = -38*h**3 + 2*h**2 + 152*h + 450. What is the thousands digit of j(-3)?
1
Let v(g) be the first derivative of -3*g**2 + 22*g + 3. Let p be (15/(-6))/(-5) + 210/(-20). What is the units digit of v(p)?
2
Suppose 0*x = 5*s - 4*x - 375, s - 84 = -x. Let t = -9 - -3. Let w = s - t. What is the tens digit of w?
8
Let v = -100 - -155. Let o = v - -210. What is the tens digit of o?
6
Let h(k) = 42*k**2 + 5*k - 19. Let d be h(-6). Suppose -24*u + 17*u = -d. What is the hundreds digit of u?
2
Suppose 0 = -2*u - 4, d - 3*u = -6 + 14. Suppose 588 - 1142 = -d*s. What is the tens digit of s?
7
Let r = 100 + -72. What is the tens digit of (r/(-196))/(4/(-77))*220?
0
What is the units digit of 32584/2 + (-16)/12*3?
8
Let f be 1 + (-3 - -32) + -3. Suppose 0 = -4*v - 2*h - 583 - f, -2*v = 4*h + 320. Let s = -56 - v. What is the tens digit of s?
9
What is the hundreds digit of (1153/(-7))/((-309)/2163)?
1
Suppose -26523 - 7992 - 20253 = -6*x. What is the units digit of x?
8
Let a(z) = 34*z + 4*z**2 + 3 - 6*z**2 - 33*z - z**2 - z**3. Let q be a(-3). Suppose 4*i - 9*i = q, 5*i = 2*m - 192. What is the tens digit of m?
9
Let d = -3788 + 3791. Let r(a) = a + 7. Let y be r(0). Suppose 0 = n + d*u - 51, y*n - 4*n - 138 = -4*u. What is the tens digit of n?
4
Suppose -p + 2*r - 3*r = -6, 0 = 5*p - 5*r. Suppose p*u = -2*u + 630. What is the units digit of u?
6
Suppose 5*y + 36 - 430 = -3*o, -3*y - 4*o = -232. Suppose 0 = 4*l - 3*l - y. Suppose 0 = -2*n + 384 - l. What is the hundreds digit of n?
1
What is the thousands digit of (70240/25)/(((-510)/525)/(-17))?
9
Suppose 40549 = z + p, z = 53*p - 52*p + 40549. What is the hundreds digit of z?
5
Suppose 1242 - 25461 = -13*o. Suppose -12*b = -2937 - o. What is the units digit of b?
0
Suppose 3*v - 10 = 2*r, -2 + 8 = 4*v + r. Suppose -a + 5*s = -5*a + 785, a = -v*s + 194. Let x = a + -140. What is the tens digit of x?
6
What is the tens digit of (4 + 1)/(47/50619)?
8
Let t(c) = c**3 - 8*c**2 + 4*c - 11. Let z be t(8). Let g(q) = 2*q**2 - 32*q + 49. Let r be g(z). Let i = 437 - r. What is the tens digit of i?
7
Let a(j) = -j**2 + 4*j + 2. Let x be a(4). Let p(h) = h**2 + h - 1. Let f be p(x). Suppose -84 - 304 = -4*l - 5*i, f*l - 518 = 2*i. What is the tens digit of l?
0
Let y(f) = -3*f**3 + 35 + 9*f**3 - 37 + f. Let k be y(1). Suppose 3*m + 178 = 5*m - k*o, 0 = -3*m + 3*o + 249. What is the units digit of m?
9
Suppose 974158 = 128*n - 2506244 + 245330. What is the hundreds digit of n?
2
Let u(l) = 26*l + 257. Let o(s) = 8*s**2 + 3*s + 1. Let n be o(1). What is the units digit of u(n)?
9
Suppose -3*o + 14 = -4*v, -3*o - 1 + 20 = -5*v. What is the units digit of 5/(-1) - ((v - -2) + -679)?
7
Let c = 727 + -724. Suppose -c*v = -7*v + 3144. What is the units digit of v?
6
Suppose 43*p - 46*p + 223 = 5*q, -3*p + q + 193 = 0. What is the tens digit of (308/p)/((-2)/(-15))?
3
What is the units digit of (1/(14/95308))/(41 - 13110/322)?
7
Suppose -31*m = 2*m - 99. Suppose -2*n + 627 = 5*y - 3*n, y - 131 = m*n. What is the tens digit of y?
2
Let i(t) = -t**3 + 19*t**2 - 18*t + 4. Suppose 2*v - 4*x - 24 = 0, 0*v - 87 = -5*v + x. Let l be i(v). What is the units digit of ((-4)/6)/(l/(-186))?
1
Suppose -339*t + 6721663 + 3949718 = 0. What is the ten thousands digit of t?
3
What is the units digit of -92 + 2055 + 24/(-3)?
5
Let b be 2/((-8)/(-3) - (1 - -1)). Let t be 14/(0 + b/12). Suppose -t = 4*l - 248. What is the units digit of l?
8
Let k(n) = -n**2 - 15*n - 11. Let q be k(-10). Suppose -q = 2*y - 9. Let t = y - -38. What is the tens digit of t?
2
Suppose 0 = 16*r - 13*r + 117. Let x = r + 41. What is the tens digit of (2 - x/2)*(8 + 93)?
0
Let u = 6490 - 3221. What is the units digit of u?
9
Let m(p) = -p**3 + 8*p**2 + 19*p - 7. Suppose 2*g - 27 = 5*a - 1, 0 = 4*a + 4*g + 4. Let o be (-9)/6*(a - 2). What is the units digit of m(o)?
3
Let j(w) = 1563*w + 15376. What is the units digit of j(-6)?
8
Let u = 72 - -89. Suppose 4*m - u = -19*m. What is the units digit of m?
7
Let t be (51/12 - 3)*24. Suppose 0 = 31*w - t*w + 12. What is the units digit of (-24)/6 - (0 + w)?
8
Suppose -3*f - 7*z = -10*z - 120387, -f + 40125 = -2*z. What is the ten thousands digit of f?
4
Suppose 37*v - 18*v + 137161 = 38*v. What is the hundreds digit of v?
2
Let t = -180 + 185. Let n be 911/5 - (-6)/(-30). Suppose -t*v = -2*m + 493, -4*m - 2*v + n = -864. What is the units digit of m?
9
Let o(q) = 32*q**3 - 11*q**2 + 3*q + 20. What is the units digit of o(10)?
0
What is the thousands digit of 5 - 1365728/(-24) - ((-30)/9)/2?
6
Let o(x) be the first derivative of x**4 + 4*x**3/3 - x**2 + 23*x + 26. What is the hundreds digit of o(4)?
3
Let v be (-18)/3 - -111 - (-10)/(-2). Let a = v - -632. What is the units digit of a?
2
Let c(h) be the first derivative of -7*h**4/24 - 2*h**3/3 - 5*h**2/2 + 5. Let z(l) be the second derivative of c(l). What is the tens digit of z(-2)?
1
Let d(i) = -7*i - 2. Let g be -1*5 + (-10 - -14). Let u be d(g). Suppose -n + u*n - 296 = 4*k, -4*n + 288 = -2*k. What is the units digit of n?
0
Suppose -7*n = 32*n - 6*n - 549153. What is the thousands digit of n?
6
Let q be (-2328)/16*(-80)/6. Suppose 4*a = -a + z + q, 2*z + 1157 = 3*a. What is the hundreds digit of a?
3
Let k(u) = 8*u**2 + 9*u - 1. Let p(j) = 17*j**2 + 19*j - 1. Let g = -14 + 23. Let w(m) = g*k(m) - 4*p(m). What is the tens digit of w(3)?
4
Let c(m) = 20*m - 37. Let b be c(5). Let p = b - -5. What is the units digit of p?
8
Let q(l) = 2*l - 8. Let d be q(4). Suppose 15*c - 17*c + 132 = d. Suppose -5*o = -5*g + 220, -2*g + 5*o + 19 = -c. What is the tens digit of g?
4
Suppose 4*x - 55494 = j, 36*x - 33*x - 3*j = 41625. What is the units digit of x?
3
Suppose -940527 = -179*g + 5805804. What is the tens digit of g?
8
Let k(m) = -13*m - 177. Let y be k(0). Let j = y - -190. What is the units digit of j?
3
Let r be (-1799)/(-21) - (-2)/6. Let l = r - -262. What is the hundreds digit of l?
3
Let l = -40 + 40. Suppose 3*n + l*n = -2*i - 581, -i - 387 = 2*n. Let t = n - -302. What is the units digit of t?
9
Let q(k) = -k**3 + 12*k**2 - 13*k - 5. Let l be q(6). Suppose 3*h - 56 = 3*f + l, 201 = -3*f - h. Let v = f - -83. What is the units digit of v?
7
Let n = 26482 + 1772. What is the thousands digit of n?
8
Suppose -159 - 39 = 2*k - 5*h, 0 = 2*h - 4. Let i = -94 - k. What is the tens digit of (i + 3)*33 + -4?
9
Suppose -124955 = 14*x - 81*x. What is the hundreds digit of x?
8
Let k = 20690 - 1970. What is the ten thousands digit of k?
1
Suppose 66*t - 1686864 = 1294026. What is the ten thousands digit of t?
4
Suppose 5*w + 995 = -104*r + 109*r, -5*r + 983 = -3*w. Let n = 10 + -5. What is the hundreds digit of r/(-1*n/(-5))?
1
Let u = -3608 - -6241. What is the tens digit of u?
3
Let d be 31/3*6/1. Let r = d + 107. What is the hundreds digit of r?
1
Suppose 2*w - 4 = l - 1, l + 6 = 5*w. Let h be 39*(l - (-40)/12). Suppose 131 = 3*n - h. What is the units digit of n?
4
Let k(l) = 3*l**2 + 8*l + 3. Let q be k(-3). Suppose -w + i - 5*i = 10, q = -3*i. What is the units digit of -3*148/24*w?
7
Let v = -6 - 6. Let o be v/48*(-21 + 1). Suppose -o*q - 6 = -416. What is the tens digit of q?
8
Let l(i) = 12*i + 31. Let z(r) = -r**2 - 6*r + 2. Let o be z(-4). Let s be l(o). Let f = s + -87. What is the tens digit of f?
6
Suppose 5*d - 3*k + 9 = 31, 2*k = -3*d + 17. Suppose -w + 4*v + 253 = 9*v, 1145 = d*w - 5*v. What is the tens digit of w?
3
Suppose -944610 = -4193*t + 4147*t. What is the units digit of t?
5
Suppose -13 = -2*h - 5. Let q be h - 39*3/9. What is the units digit